{"id":340,"date":"2025-02-14T14:33:10","date_gmt":"2025-02-14T14:33:10","guid":{"rendered":"https:\/\/fuxiononline.com.co\/?post_type=product&#038;p=340"},"modified":"2025-02-14T14:33:10","modified_gmt":"2025-02-14T14:33:10","slug":"vitaxtrat","status":"publish","type":"product","link":"https:\/\/fuxiononline.com.co\/index.php\/producto\/vitaxtrat\/","title":{"rendered":"VITAXTRAT+"},"content":{"rendered":"<p>\u00a1Vive todos los d\u00edas con la energ\u00eda del n\u00famero uno!<\/p>\n<p>MACA+ GINSENG + GUAYUSA+ T\u00c9 VERDE + ACAI BERRY + GOJI BERRY+MICELIO DE<br \/>\nCORDYCEPS + ANTOCIANINA DE MA\u00cdZ MORADO + FIBRA+ MAGNESIO + VITAMINAS +<br \/>\nMINERALES<\/p>\n<p><strong>SABOR Chicha Morada<\/strong><\/p>\n<ul>\n<li>Ayuda a mantenerte alerta y con buen \u00e1nimo.<\/li>\n<li>Mejora tu rendimiento f\u00edsico y desempe\u00f1o diario en general. Ideal para personas que tengan anemia.<\/li>\n<li>Aporta un efecto prolongado de energ\u00eda que te acompa\u00f1ar\u00e1 durante el d\u00eda.<\/li>\n<li>Reduce la oxidaci\u00f3n de las c\u00e9lulas y la proliferaci\u00f3n de radicales libres.<\/li>\n<li>Disipa la sensaci\u00f3n de fatiga gracias a sus componentes energ\u00e9ticos.<\/li>\n<li>Mejora la asimilaci\u00f3n de prote\u00ednas, as\u00ed como los procesos de regeneraci\u00f3n celular y a reforzar el sistema inmunol\u00f3gico.<\/li>\n<li>Promueve la salud de los ojos y la piel.<\/li>\n<\/ul>\n","protected":false},"excerpt":{"rendered":"<p>\u00a1Vive todos los d\u00edas con la energ\u00eda del n\u00famero uno! MACA+ GINSENG + GUAYUSA+ T\u00c9 VERDE + ACAI BERRY + [&hellip;]<\/p>\n","protected":false},"featured_media":181,"comment_status":"open","ping_status":"closed","template":"","meta":{"site-sidebar-layout":"default","site-content-layout":"","ast-site-content-layout":"default","site-content-style":"default","site-sidebar-style":"default","ast-global-header-display":"","ast-banner-title-visibility":"","ast-main-header-display":"","ast-hfb-above-header-display":"","ast-hfb-below-header-display":"","ast-hfb-mobile-header-display":"","site-post-title":"","ast-breadcrumbs-content":"","ast-featured-img":"","footer-sml-layout":"","theme-transparent-header-meta":"default","adv-header-id-meta":"","stick-header-meta":"","header-above-stick-meta":"","header-main-stick-meta":"","header-below-stick-meta":"","astra-migrate-meta-layouts":"set","ast-page-background-enabled":"default","ast-page-background-meta":{"desktop":{"background-color":"var(--ast-global-color-5)","background-image":"","background-repeat":"repeat","background-position":"center center","background-size":"auto","background-attachment":"scroll","background-type":"","background-media":"","overlay-type":"","overlay-color":"","overlay-opacity":"","overlay-gradient":""},"tablet":{"background-color":"","background-image":"","background-repeat":"repeat","background-position":"center center","background-size":"auto","background-attachment":"scroll","background-type":"","background-media":"","overlay-type":"","overlay-color":"","overlay-opacity":"","overlay-gradient":""},"mobile":{"background-color":"","background-image":"","background-repeat":"repeat","background-position":"center center","background-size":"auto","background-attachment":"scroll","background-type":"","background-media":"","overlay-type":"","overlay-color":"","overlay-opacity":"","overlay-gradient":""}},"ast-content-background-meta":{"desktop":{"background-color":"var(--ast-global-color-4)","background-image":"","background-repeat":"repeat","background-position":"center center","background-size":"auto","background-attachment":"scroll","background-type":"","background-media":"","overlay-type":"","overlay-color":"","overlay-opacity":"","overlay-gradient":""},"tablet":{"background-color":"var(--ast-global-color-4)","background-image":"","background-repeat":"repeat","background-position":"center center","background-size":"auto","background-attachment":"scroll","background-type":"","background-media":"","overlay-type":"","overlay-color":"","overlay-opacity":"","overlay-gradient":""},"mobile":{"background-color":"var(--ast-global-color-4)","background-image":"","background-repeat":"repeat","background-position":"center center","background-size":"auto","background-attachment":"scroll","background-type":"","background-media":"","overlay-type":"","overlay-color":"","overlay-opacity":"","overlay-gradient":""}},"_joinchat":[]},"product_brand":[],"product_cat":[27],"product_tag":[],"class_list":{"0":"post-340","1":"product","2":"type-product","3":"status-publish","4":"has-post-thumbnail","6":"product_cat-bebidas","7":"desktop-align-left","8":"tablet-align-left","9":"mobile-align-left","11":"first","12":"instock","13":"taxable","14":"shipping-taxable","15":"purchasable","16":"product-type-variable"},"_links":{"self":[{"href":"https:\/\/fuxiononline.com.co\/index.php\/wp-json\/wp\/v2\/product\/340","targetHints":{"allow":["GET"]}}],"collection":[{"href":"https:\/\/fuxiononline.com.co\/index.php\/wp-json\/wp\/v2\/product"}],"about":[{"href":"https:\/\/fuxiononline.com.co\/index.php\/wp-json\/wp\/v2\/types\/product"}],"replies":[{"embeddable":true,"href":"https:\/\/fuxiononline.com.co\/index.php\/wp-json\/wp\/v2\/comments?post=340"}],"wp:featuredmedia":[{"embeddable":true,"href":"https:\/\/fuxiononline.com.co\/index.php\/wp-json\/wp\/v2\/media\/181"}],"wp:attachment":[{"href":"https:\/\/fuxiononline.com.co\/index.php\/wp-json\/wp\/v2\/media?parent=340"}],"wp:term":[{"taxonomy":"product_brand","embeddable":true,"href":"https:\/\/fuxiononline.com.co\/index.php\/wp-json\/wp\/v2\/product_brand?post=340"},{"taxonomy":"product_cat","embeddable":true,"href":"https:\/\/fuxiononline.com.co\/index.php\/wp-json\/wp\/v2\/product_cat?post=340"},{"taxonomy":"product_tag","embeddable":true,"href":"https:\/\/fuxiononline.com.co\/index.php\/wp-json\/wp\/v2\/product_tag?post=340"}],"curies":[{"name":"wp","href":"https:\/\/api.w.org\/{rel}","templated":true}]}}